8). Suppose 0*p - 6 = -s*p. Suppose p = -6*h + 15. Let c(l) = -l**2 + 3*l + 1. Give c(h).
3
Let h(k) = -k**2 - 7*k - 10. Let l(x) = -x**2 - 8*x - 11. Let c(g) = -7*h(g) + 6*l(g). Let o = 1287 - 622. Let y = o + -665. Calculate c(y).
4
Let m(x) = 3*x**2 - 3*x + 7. Let t(j) be the third derivative of -j**5/60 + j**4/12 - 2*j**3/3 - j**2 - 4*j. Let u(b) = 2*m(b) + 5*t(b). What is u(-5)?
-1
Suppose 3*d - 16 + 4 = 0. Let h(p) = 44*p**3 + 30*p**2 + 14*p - 3. Let o(g) = 39*g**3 + 27*g**2 + 12*g - 3. Let l(m) = 8*h(m) - 9*o(m). Determine l(d).
35
Suppose 0 = 4*o - 21 + 9. Let c(v) = -9 - 19586*v**2 + 19587*v**2 + 2*v**o - 3*v**3 - 2 - v. What is c(0)?
-11
Let a(p) = 15980269*p**2 + 16*p + 0*p - 63 - 15980270*p**2. Give a(6).
-3
Let d be 2/(-8) - (-39)/12. Let x(i) = 174*i - 176. Let n be x(1). Let s be -2*(d + n)*1. Let z(l) = -5*l**2 - 2*l + 2. Determine z(s).
-14
Let c(p) = 5*p**2 + 40*p + 66. Let b(t) = -2*t**2 - 17*t - 33. Let a(x) = -7*b(x) - 3*c(x). What is a(-8)?
-23
Let l(h) = h**2 + 5*h + 4. Let k(y) = -16 + 16*y + 29 - y**2 + 9*y**2 - 4*y**2. Let q(a) = 2*k(a) - 7*l(a). Calculate q(4).
2
Let z(u) = -8. Let j(d) be the first derivative of -3*d**2 + 35*d + 77. Let h(a) = -j(a) - 4*z(a). What is h(1)?
3
Let b(i) = i**3 - 10*i**2 + 16*i - 2. Suppose 78 = -9*s + 12*s. Let d = -18 + s. Let u be b(d). Let t(h) = 3*h + 1. What is t(u)?
-5
Let k = -2877 - -2875. Let j(i) = -57*i - 119. Calculate j(k).
-5
Let v(d) = 0*d**2 - 13*d**2 - 341*d - 334*d - 26 + 664*d + d**3. What is v(14)?
16
Let t(k) = -3*k**2 - 16*k - 2. Let s(i) = i**2 + 163*i - 845. Let w be s(5). What is t(w)?
3
Let t = -28 + 33. Suppose 16 = 2*q - 2*y, -13 = -t*q - 3*y + 11. Let k(l) = 10*l + 5 + 3 - 1 - 12*l. Determine k(q).
-5
Let r(w) = -47*w - 86. Let d be r(-2). Let q(o) = d*o - o + 2*o - 8*o - 2*o. Determine q(8).
-8
Let z be (17 + -14)*1/((-3)/(-2)). Suppose -3*d + 5*d = -5*b + 25, -73 = -5*d - z*b. Suppose d = -7*j - 6. Let v(o) = o**3 + 3*o**2 + o + 4. Determine v(j).
1
Let o(d) = -12*d + 52. Let y be o(4). Let a(z) = 11*z + 12*z - y + 3 + 0 - 24*z. Give a(-4).
3
Let d(f) be the third derivative of -f**3 + 0 - 1/15*f**5 + 1/8*f**4 - 1/120*f**6 - 5*f**2 + 0*f. Suppose -4*i + 0*b + b - 25 = 0, 15 = -5*i - 2*b. Give d(i).
4
Let l(f) be the third derivative of -f**6/360 + 11*f**5/120 + 47*f**4/4 - 5*f**2 + 1. Let j(d) be the second derivative of l(d). Give j(15).
-19
Let h = -14185 + 14184. Let d(c) = -4*c**2 + 4. Calculate d(h).
0
Let o(i) = 17*i - 20. Suppose 12 = -4*d, 2*n - 2*d = 3 + 21. Let a(m) = 4*m - 5. Let p(j) = n*a(j) - 2*o(j). Let y be 2*1/(-2)*(-20)/4. Calculate p(y).
5
Let w = 4820 + -4815. Let h(r) be the first derivative of -3*r**2/2 - r + 2. Give h(w).
-16
Suppose 0 = -4*c - 5*u + 24, -5*c - u = -171 + 141. Let y(t) = t**2 - 5*t + 6. What is y(c)?
12
Let r(k) = -3 - 18*k - 6*k**2 - k**3 - 4*k + 19*k. Let u be (-1)/(-20) - (-11340)/(-2800). Give r(u).
-23
Let x(c) = -1589*c**3 + 1588*c**3 + c - c**2 - 6 + 0*c. Let f = 35 + -18. Let r = 17 - f. Calculate x(r).
-6
Let x(s) be the first derivative of 2*s**3 + 1/4*s**4 - 36 + 4*s + 5/2*s**2. Let k(y) = y**3 + 5*y**2 - y - 10. Let d be k(-5). What is x(d)?
4
Let k(g) = -g. Suppose -59 = -2*m - 33. Let q(c) = c**3 - 10*c**2 + 2. Let v be q(10). Suppose 3*s + v = -m. Determine k(s).
5
Suppose a + 2*a + 2*w + 22 = 0, 2*w = 5*a + 26. Let x = -40 + a. Let j = x + 45. Let z(k) = -14*k**2 + k + 1. Calculate z(j).
-14
Let o(w) = -25*w + 11. Let d(k) = 21*k - 8. Let b(s) = 6*d(s) + 5*o(s). Suppose 2*y - 21 = -y. Suppose 3*q = y*q + 44. Determine b(q).
-4
Let m be (0 - (0 + 2))*(-279)/(-31). Let t be 2*3*3/m. Let a(g) = g - 1. Let b(z) = z - 7. Let u(r) = t*b(r) + 6*a(r). Give u(3).
16
Let r(p) = -27*p - 20*p**2 + p**3 - 24*p + 61*p + 47 - 33*p. Give r(21).
5
Let o(j) = j**3 - 3*j**2 + 3*j - 46. Suppose 61*a = 9*a + 278 - 18. Give o(a).
19
Let m(y) be the third derivative of -y**6/120 + 3*y**5/20 + y**4/12 - 5*y**3/3 + 346580*y**2. Let j be 9 + (0 - -1) + -1. What is m(j)?
8
Let o(p) = 3*p**2 + 220*p + 3649. Let c be o(-48). Let a(u) be the first derivative of u**4/4 + 2*u**3/3 - u - 2. Determine a(c).
2
Let w(i) = 2*i - 4. Suppose -3*z - 3 = -15, z - 79 = 5*f. Let p be 3 + -2 + 7 + f/3. Determine w(p).
2
Let b(x) = x**3 - 8*x**2 - x - 4. Let w(z) = 117*z - 1512. Let g be w(13). Give b(g).
68
Let v be (141/3 - 0)/(5 - 6). Let h = v - -47. Let t(r) = 0*r**2 - 3 - r**2 + 2 + h*r**2. Determine t(-3).
-10
Suppose -60 = -2*z - 6. Let y(n) = -66*n + 3 + 37*n + z*n. Let f = -11 - -15. Calculate y(f).
-5
Let n(j) = 8 - 4*j + 3 - 4 - 2. Calculate n(3).
-7
Let i(d) = 121*d**3 - 13*d + 5 - 59*d**3 - 61*d**3 + 5*d + 2*d**2. Calculate i(-6).
-91
Let v(r) = r**3 + 14*r**2 - 9*r + 95. Let y be v(-15). Let h(w) = -w**3 + 5*w**2 - 24*w + 93. What is h(y)?
-27
Let q = 52 - 26. Let t = -24 + q. Let x(v) = -16*v + 14*v + t - v**3 - 5. What is x(-2)?
9
Let l(s) = -2*s - 2. Let o = 3402 - 3407. Calculate l(o).
8
Let a(h) = -h**3 + h**2. Let l(k) be the third derivative of 0 + 1/24*k**4 - 5/6*k**3 - k**2 + 0*k. Let i be l(7). Determine a(i).
-4
Let l(n) = -n + 6. Let u(j) = -j**2 - 36*j - 173. Let w be u(-30). Suppose -k + 22 = 5*t, 3*t - 27 = w*k - 3*k. What is l(t)?
1
Let y(q) = 8*q - 1. Suppose -20 = -4*h - 36. Let m(s) = s**2 + 5*s + 13. Let a be m(h). Suppose 0 = -3*w - 5*p - a, -3*w = 2*p - 6*p - 18. Give y(w).
15
Let y(n) be the third derivative of n - 1/24*n**4 - 8/3*n**3 - 75*n**2 + 0. Calculate y(0).
-16
Let f(y) = 60*y - 113. Let j(x) = -32*x + 49. Let c(o) = 4*f(o) + 7*j(o). Determine c(6).
-13
Let y(x) = -310*x**3 - 22*x**2 - 11*x + 16. Let a(d) = 248*d**3 + 18*d**2 + 9*d - 13. Let w(r) = 11*a(r) + 9*y(r). Calculate w(1).
-61
Suppose -3*m - m + 8 = 0. Let w(q) = -2*q - 3 + q**m + 0*q + 3*q. Suppose -76*s = -33*s + 172. Calculate w(s).
9
Let p(u) = u**2 - 6*u - 1. Let x = 258 + -248. Suppose 0 = -x*j - 13*j + 138. Determine p(j).
-1
Let v(t) = -7*t**3 - 23*t**2 - 8*t - 223. Let z(n) = -12*n**3 - 42*n**2 - 20*n - 447. Let j(b) = -5*v(b) + 3*z(b). Determine j(-11).
-6
Let y = -29 - -35. Let u(a) be the first derivative of -a**2/2 + a + 327. Give u(y).
-5
Suppose 896*a = 893*a - 45. Let n(f) = -f**3 - 17*f**2 - 26*f + 24. Give n(a).
-36
Let v(r) = -8*r**2. Suppose 41*d + 39 + 84 = 0. Let p(i) = -3*i**2 + 1. Let x(h) = d*p(h) + v(h). Determine x(0).
-3
Let g(r) be the first derivative of 4*r**2 - 87*r + 26. Let o be g(10). Let v(l) = -l + 5. Determine v(o).
12
Let g(h) = -12 - h - 2 - h - 16. Let j = 7848 + -7861. Calculate g(j).
-4
Let c(l) = -11*l + 35*l - 15*l - 16*l + 4. Let t(p) = 7*p - 3. Let j(o) = 2*c(o) + 3*t(o). Give j(-6).
-43
Let i be ((-8)/5)/(4/10). Let g(x) = -x**3 - 3*x**2 + 3*x + 2. Let k be g(i). Let v be (-5 + k)/((-1)/3). Let m(n) = n + 5. Calculate m(v).
2
Suppose -h + 24 = 2*h. Suppose 0 = 36*q - 494 - 442. Let p(d) = -11*d**2 + 27*d - 54*d + q*d + d**3 + 6 + 3*d**2. Calculate p(h).
-2
Let z(u) = 2*u**2 - 14*u + 10. Let n(v) = -v**2 + 6*v - 5. Let a(i) = 5*n(i) + 2*z(i). Suppose 6 = 4*k + 2*x, 0*k - 5*k + 13 = -3*x. Calculate a(k).
-5
Suppose -52 = -5*o - 67. Let a(x) = -x**3 - 9*x**2 - 14*x + 1. Let z be a(o). Let l(q) = -q**3 - 10*q**2 + 11*q + 3. Give l(z).
3
Let p be (5 - 3)/(-1) - -4 - 2. Suppose -4*d - b - 17 = p, 5*d + 8*b - 3*b = -25. Let s(h) = -4*h - 2. Determine s(d).
14
Let d(r) = -r**2 + 25*r - 39. Let q be (-105 + (-972)/(-27))*(1 - 0)/(-3). Calculate d(q).
7
Let c(i) = -i**2 + 7*i - 14. Suppose -33*u + 179 - 73 = -26. Give c(u).
-2
Suppose 5*c + 3 + 12 = 0. Let g(p) = -3 - 5554*p - 7 + 11118*p - 5566*p. Determine g(c).
-4
Let c(p) be the first derivative of p**4/4 + p**3/3 - p**2 - 8*p - 1172. Determine c(-5).
-98
Suppose 2*d + 24 = -d. Let b(l) be the third derivative of -l**6/120 - 3*l**5/20 - l**4/3 - 2*l**3 - 4158*l**2 - 4. Determine b(d).
-12
Let m be (-2)/(-4 - -2)*24. Let k = m + -22. Let c be (-4 + k)/((-4)/(-6)). Let s(w) = w**3 + 2*w**2 - 5*w - 3. What is s(c)?
3
Let r(c) = -3*c + 22. Let n(p) = -327*p**2 + 651*p + 2. Let h be n(2). Determine r(h).
34
Suppose -15 + 57 = 5*a - 4*n, 3*a = -5*n + 40. Let f(t) = 2*t**2 - 20*t - 4. Determine f(a).
-4
Suppose 11 = n + 9. Let m(s) = -7*s**3 + 3*s**3 - 2*s**2 + s**n - s - s**3. Let l = 183 - 184. Give m(l).
5
Let u be 0/(21/(-7)) + (3 - 4) + 3. Let n